
Let h(a) = -110169*a + 2533845. Calculate h(23).
-42
Let j(z) = 2*z**2 + 34*z + 16. What is j(0)?
16
Let r(f) = f**3 + 5*f**2 - 997*f - 419. Determine r(30).
1171
Let r(u) = -3862*u - 53960. Calculate r(-14).
108
Let u(s) = 4*s**3 + 52*s + 225. What is u(-5)?
-535
Let f(k) = -k**3 + 8*k**2 - 54*k + 320. Determine f(7).
-9
Let a(i) = -3301094*i - 19806572. Give a(-6).
-8
Let c(g) = 21*g**3 - 5515*g**2 - 2105*g + 311. What is c(263)?
48
Let t(f) = -f**3 - 3*f**2 + 17555*f + 322. Give t(-134).
188
Let h(y) = 314250*y - 314236. Calculate h(1).
14
Let d(p) = -p**2 + 105*p - 288. Calculate d(0).
-288
Let t(s) = 27*s**3 - 18*s + 46. Determine t(2).
226
Let p(n) = -12*n**2 + 611*n - 5116. Calculate p(10).
-206
Let i(q) = 10952*q - 87608. Give i(8).
8
Let f(v) = -9*v**3 - 3*v**2 - 236*v - 41. Give f(0).
-41
Let l(f) = 7221*f**2 - 11495834*f + 3190. Calculate l(1592).
6
Let c(v) = -68*v + 10500. Give c(153).
96
Let d(o) = -2*o**3 + 53*o**2 + 147*o - 1872. What is d(28)?
-108
Let q(u) = -29*u**3 - 3*u**2 - 17*u - 17. Calculate q(-2).
237
Let v(j) = 6084*j + 359562. Give v(-59).
606
Let l(c) = -c**3 + 12*c**2 - 343*c + 4036. What is l(11)?
384
Let z(v) = 7455*v - 156546. Calculate z(21).
9
Let t(r) = 153594*r - 4454237. Give t(29).
-11
Let c(j) = 2*j**2 + 29*j - 14129. What is c(77)?
-38
Let p(r) = 50*r**2 + 67841*r - 12220. Give p(-1357).
-7
Let i(j) = 114687*j - 802809. Give i(7).
0
Let h(k) = 7*k**2 - 1180*k + 47878. What is h(68)?
6
Let f(j) = -j**3 + 41*j**2 - 2738*j + 107938. Calculate f(40).
18
Let x(o) = 180504*o - 180503. What is x(1)?
1
Let o(g) = 2*g**3 - 53*g**2 + 122*g + 24. What is o(24)?
72
Let h(x) = 1299*x + 33014. Determine h(-24).
1838
Let b(f) = f**2 + 1725*f + 563712. What is b(-438)?
6
Let y(k) = -1343*k - 10462. Calculate y(-9).
1625
Let v(t) = -288*t**2 + 4694*t - 94. Determine v(16).
1282
Let w(t) = 2106*t**2 + 94788*t + 813. Determine w(-45).
3
Let v(u) = 9*u**2 + 103*u - 1347. Determine v(17).
3005
Let b(j) = 2*j**3 - 380*j**2 + 25*j - 4811. What is b(190)?
-61
Let b(g) = 5*g**3 + 53*g**2 - 254*g - 47. Calculate b(-15).
-1187
Let a(x) = 39991*x - 7718264. Determine a(193).
-1
Let t(u) = -u**2 + 726*u - 9550. What is t(13)?
-281
Let o(k) = -330*k + 17203. What is o(52)?
43
Let c(m) = -8*m**2 - 155*m + 347. Give c(-22).
-115
Let d(y) = 522*y - 229. What is d(0)?
-229
Let n(y) = 1538*y + 321879. Give n(-209).
437
Let h(j) = 3*j**2 - 33*j - 491. What is h(-9)?
49
Let f(s) = 6*s**3 + 195*s**2 - 176*s - 8665. Calculate f(-32).
39
Let l(g) = g**3 - 25*g**2 + 1751*g - 31124. Calculate l(19).
-21
Let d(b) = 2*b**3 - 287*b**2 - 1330*b - 158. Calculate d(148).
138
Let h(c) = -c**2 - 152*c + 1520. Calculate h(9).
71
Let s(r) = 1073*r + 10999. What is s(-10)?
269
Let u(p) = 2*p**2 - 12495*p - 87574. Give u(-7).
-11
Let n(m) = -4*m**3 + 17*m**2 + 15*m - 15. Determine n(6).
-177
Let x(q) = 16*q**2 - 1898*q - 12741. What is x(125)?
9
Let g(x) = -285*x + 16165. Calculate g(55).
490
Let o(d) = 3*d**3 - 293*d**2 - 619*d - 8088. Calculate o(100).
12
Let k(g) = 148*g + 10237. Determine k(-67).
321
Let k(d) = 96640*d - 7537923. Calculate k(78).
-3
Let h(v) = 196199*v - 588603. Calculate h(3).
-6
Let c(f) = 7174*f - 86092. What is c(12)?
-4
Let h(r) = -6*r**2 + 11*r + 178. Give h(0).
178
Let k(o) = -3*o**3 - 16*o**2 - 214*o - 1757. Give k(-7).
-14
Let u(o) = -8*o**2 - 377*o - 4199. Calculate u(-27).
148
Let v(t) = -11*t**3 + 8*t**2 - 9374*t + 37488. What is v(4)?
-584
Let a(h) = -2*h**3 + 12*h**2 + 77*h - 366. What is a(8)?
-6
Let m(j) = 29*j**3 + 3*j**2 + 430*j + 426. Determine m(-1).
-30
Let u(k) = -161791*k + 323569. Determine u(2).
-13
Let m(g) = g**3 - 2*g**2 - 1128*g + 12589. Determine m(11).
1270
Let w(l) = 3*l**3 - 138*l**2 - 280*l - 390. Give w(48).
-6
Let m(p) = 12*p**2 + 2361*p - 12476. Give m(-202).
250
Let s(m) = 5722*m - 3827961. Calculate s(669).
57
Let c(d) = -2*d**2 + 943*d + 9417. Determine c(-10).
-213
Let r(u) = 2*u**2 - 269*u + 1589. Calculate r(6).
47
Let g(t) = 137*t**2 - 486*t - 20059. Determine g(14).
-11
Let q(l) = 14578*l + 218540. Determine q(-15).
-130
Let n(u) = -2*u**3 + 336*u**2 - 4*u + 813. Calculate n(168).
141
Let n(d) = -d**3 - 161*d**2 + 1663*d - 8028. Calculate n(-171).
9
Let j(g) = g**2 + 890*g + 43571. Give j(-52).
-5
Let s(j) = -2*j**2 + 739*j + 5782. What is s(-8)?
-258
Let z(d) = 66*d - 2033. Calculate z(61).
1993
Let p(t) = 88*t**2 + 7131*t + 249. Calculate p(-81).
6
Let f(i) = i**3 + 213*i**2 + 2024*i - 70. What is f(-10)?
-10
Let t(z) = -5370*z + 3280924. What is t(611)?
-146
Let t(a) = 6*a**3 + 91*a**2 + 14*a - 16. What is t(-15)?
-1
Let a(c) = 404*c - 15538. Give a(38).
-186
Let h(g) = 14*g**3 - 768*g**2 - 59*g - 2736. What is h(55)?
69
Let h(i) = -6*i**3 + 226*i**2 - 1901*i + 17. What is h(25)?
-8
Let x(f) = -f**3 + 45*f**2 + 615*f - 47. Give x(55).
3528
Let s(w) = 2*w**2 - 1625*w - 533904. What is s(-251)?
-27
Let u(g) = -6*g**2 + 1852*g - 3097. Determine u(307).
-27
Let c(j) = -563*j**2 + 2869*j + 2. What is c(5)?
272
Let u(d) = -6947*d + 152854. Give u(22).
20
Let c(w) = -192*w + 28633. Calculate c(146).
601
Let n(v) = -83*v**2 + 1264*v - 5025. Calculate n(6).
-429
Let r(u) = 295308*u + 16832556. What is r(-57)?
0
Let j(m) = -60357*m - 1267493. Calculate j(-21).
4
Let q(b) = -562*b + 82820. Calculate q(147).
206
Let d(y) = 35*y**3 + 5*y**2 + 16*y + 11. Determine d(-2).
-281
Let z(d) = -6*d**3 + 232*d**2 + 1113*d + 216. Give z(43).
1
Let i(d) = 158*d**2 - 24640*d - 1253. Determine i(156).
-5
Let w(f) = 142*f + 2836. Calculate w(-20).
-4
Let c(o) = -o**3 - o**2 - 4941*o - 29834. Calculate c(-6).
-8
Let m(g) = -g**3 - 55*g**2 - 3*g - 3316. What is m(-56)?
-12
Let y(r) = r**3 - 186*r**2 + 6533*r - 57. Give y(139).
-57
Let t(x) = -70*x**2 + 736*x + 111. Determine t(11).
-263
Let q(a) = -28*a**3 + 130*a**2 + 241*a - 1195. Give q(5).
-240
Let f(r) = r**3 - 129*r**2 + 2890*r + 63. Give f(29).
-227
Let m(w) = -255*w - 15966. Calculate m(-63).
99
Let c(b) = 2*b**3 + 27*b**2 + 358*b + 1879. Calculate c(-7).
10
Let m(w) = -w**2 + 3486*w - 433110. Determine m(129).
-57
Let u(y) = 3*y**2 + 4857*y + 1952592. Determine u(-876).
-12
Let k(x) = -304*x - 2599. Calculate k(-8).
-167
Let k(c) = -165*c + 41791. Calculate k(253).
46
Let y(o) = -o**2 + 3197*o - 178965. What is y(57)?
15
Let y(w) = -524*w**2 - 49270*w - 1343. Calculate y(-94).
-27
Let g(n) = 753*n + 27206. What is g(-36)?
98
Let d(u) = 15166*u + 197152. Give d(-13).
-6
Let u(j) = j**2 + 3094110*j + 12376419. Calculate u(-4).
-5
Let z(w) = 28*w**2 + 1482*w - 119. Determine z(-51).
-2873
Let q(p) = -75347*p + 452185. Give q(6).
103
Let n(i) = -15643*i - 125169. Determine n(-8).
-25
Let a(o) = -2*o**2 + 69*o - 497. What is a(14)?
77
Let u(q) = q**2 - 2206*q - 71672. What is u(-32)?
-56
Let u(q) = 8*q**2 - 161*q + 718. Determine u(16).
190
Let o(f) = -3*f**2 + 107*f + 852. Give o(-8).
-196
Let t(c) = 18764*c - 431591. Determine t(23).
-19
Let l(g) = g**2 + 11389*g - 91094. What is l(8)?
82
Let z(t) = t**3 + 147*t**2 - 2795*t + 109. What is z(17)?
-10
Let k(t) = -28*t**2 - 34*t + 35. Calculate k(1).
-27
Let a(u) = -327*u**2 - 396*u + 46. Calculate a(-1).
115
Let v(r) = -4433*r + 118577. What is v(27)?
-1114
Let g(b) = -b**3 - 112*b**2 - 1934*b - 1872. Give g(-20).
8
Let w(r) = -287*r**2 - 3157*r - 32. Give w(-11).
-32
Let c(t) = t**2 + 645*t + 100357. Give c(-262).
11
Let x(n) = 3*n**3 + 432*n**2 + 22*n + 3283. Give x(-144).
115
Let f(h) = -147*h**3 - 3*h**2 + 163*h - 502. Determine f(3).
-4009
Let d(a) = -8*a**3 + 10*a**2 - 415*a + 825. What is d(2)?
-29
Let u(t) = 7453*t + 857091. Calculate u(-115).
-4
Let x(d) = 49*d**2 + 331*d + 380. Give x(-5).
-50
Let d(m) = -2*m**2 + 417*m - 10274. Give d(180).
-14
Let h(z) = 42*z**2 + 95*z + 27. Give h(-2).
5
Let n(i) = -3*i**2 + 11476*i + 149695. What is n(-13)?
0
Let v(s) = 3*s**3 + 291*s**2 - 883*s - 89. Determine v(-100).
-1789
Let a(y) = y**3 - 72*y**2 + 1333*y + 77. Give a(15).
7247
Let q(g) = -9467*g - 217738. What is q(-23)?
3
Let a(i) = -5*i - 187. Determine a(-24).
-67
Let x(f) = -8518*f + 58556. Calculate x(7).
-1070
Let z(u) = -12214*u + 48849. Calculate z(4).
-7
Let w(y) = -17*y**2 + 715*y - 14. Determine w(42).
28
Let y(s) = 969500*s - 7. Determine y(0).
-7
Let d(l) = 478*l + 1071. Determine d(-5).
-13